 60906120?
True
Does 50 divide 551388300?
True
Does 776 divide 3775524195?
False
Is 174938211 a multiple of 17?
True
Does 20 divide 983479546?
False
Is 192306359 a multiple of 126?
False
Is 36 a factor of 1495879973?
False
Is 452931324 a multiple of 1068?
True
Is 287610750 a multiple of 225?
True
Does 2378 divide 564363606?
True
Is 5339509212 a multiple of 2112?
False
Does 121 divide 1974735354?
False
Is 1090986536 a multiple of 8?
True
Is 74 a factor of 387972198?
False
Is 379 a factor of 222765987?
False
Is 555 a factor of 2926150920?
True
Does 98 divide 93080596?
True
Is 108813290 a multiple of 1274?
False
Is 318898358 a multiple of 64?
False
Does 244 divide 355871506?
False
Is 2560210556 a multiple of 1444?
True
Is 382 a factor of 741042946?
True
Does 509 divide 763245110?
False
Is 187 a factor of 84366733?
True
Does 8 divide 29294472?
True
Does 443 divide 24927610?
True
Is 195370833 a multiple of 40?
False
Does 33 divide 319309023?
True
Is 367248552 a multiple of 1038?
True
Does 161 divide 47517218?
True
Does 108 divide 1037721562?
False
Does 177 divide 12816570?
True
Is 24 a factor of 259782826?
False
Is 36566548 a multiple of 13?
False
Is 570887927 a multiple of 30?
False
Does 4 divide 172542107?
False
Is 761768999 a multiple of 4259?
True
Does 65 divide 4324580?
True
Is 227066523 a multiple of 55?
False
Is 254652580 a multiple of 20?
True
Is 18 a factor of 218399321?
False
Is 51050238 a multiple of 18?
False
Is 4454240 a multiple of 970?
True
Is 8 a factor of 14960373?
False
Does 732 divide 201797028?
True
Is 1640 a factor of 650625720?
True
Is 15 a factor of 2254366995?
True
Does 59 divide 103938294?
True
Is 17 a factor of 1115727515?
False
Does 23 divide 504317882?
False
Is 679 a factor of 1678007?
False
Does 3 divide 453124782?
True
Is 219 a factor of 62674296?
True
Is 3 a factor of 10304025?
True
Does 28 divide 98853005?
False
Is 2483 a factor of 586429974?
True
Is 918 a factor of 25152914?
False
Is 3069660 a multiple of 4?
True
Does 65 divide 47204802?
False
Does 10 divide 103994859?
False
Is 3572081779 a multiple of 142?
False
Is 704 a factor of 770572067?
False
Is 628902450 a multiple of 990?
True
Does 98 divide 9050496?
True
Does 137 divide 34991855?
True
Does 61 divide 13866581?
True
Is 5436 a factor of 741161051?
False
Does 34 divide 16997197?
False
Does 278 divide 2445414?
False
Is 52065768 a multiple of 36?
False
Is 20 a factor of 9044880?
True
Does 86 divide 58998580?
True
Is 2072 a factor of 280639968?
True
Does 4541 divide 681744871?
True
Is 1673319 a multiple of 23?
True
Does 16 divide 456822354?
False
Is 19 a factor of 73900417?
False
Is 1130962934 a multiple of 3866?
False
Is 38515477 a multiple of 2471?
True
Is 23908512 a multiple of 592?
True
Is 2244 a factor of 3672294780?
True
Does 6611 divide 322630547?
False
Is 124 a factor of 15298136?
False
Is 81070515 a multiple of 37?
True
Is 42 a factor of 17125416?
True
Is 41325527 a multiple of 82?
False
Does 443 divide 274058406?
True
Is 432 a factor of 22109760?
True
Does 10 divide 913374736?
False
Does 242 divide 222079770?
True
Is 19726018 a multiple of 338?
True
Does 121 divide 88672188?
True
Is 10099641 a multiple of 243?
False
Is 286984 a multiple of 116?
True
Does 65 divide 56827456?
False
Is 1923 a factor of 3100624156?
False
Is 6666156 a multiple of 1764?
True
Does 95 divide 32885770?
True
Is 7 a factor of 663668768?
True
Is 661 a factor of 180971885?
True
Does 12 divide 253651330?
False
Is 12654644 a multiple of 183?
False
Is 5 a factor of 90748167?
False
Is 4 a factor of 1413803319?
False
Does 40 divide 59508327?
False
Does 2995 divide 309312444?
False
Does 68 divide 19988392?
False
Does 261 divide 255551625?
True
Is 12 a factor of 215869452?
True
Is 34 a factor of 29470350?
True
Is 5096 a factor of 386903608?
True
Does 60 divide 179251020?
True
Does 473 divide 298655984?
True
Does 44 divide 714595098?
False
Is 77980152 a multiple of 277?
False
Does 3 divide 20296590?
True
Does 209 divide 2972850?
False
Is 5313 a factor of 290541463?
False
Is 56990253 a multiple of 587?
False
Is 419315442 a multiple of 273?
True
Does 8 divide 21710703?
False
Is 86047667 a multiple of 1328?
False
Is 130 a factor of 9815779?
False
Is 720 a factor of 104333040?
True
Does 815 divide 512886020?
True
Is 255 a factor of 111549995?
False
Is 34503674 a multiple of 22?
False
Is 110018197 a multiple of 238?
False
Is 6 a factor of 108866654?
False
Is 110 a factor of 72933410?
True
Is 194459118 a multiple of 45?
False
Does 29 divide 752593413?
True
Does 25 divide 451907075?
True
Is 678739263 a multiple of 17?
True
Is 6867444 a multiple of 118?
False
Does 41 divide 150598277?
False
Is 120902496 a multiple of 32?
True
Is 84817587 a multiple of 39?
False
Is 5700813 a multiple of 15?
False
Is 71051486 a multiple of 913?
True
Is 2950740452 a multiple of 2222?
True
Does 29 divide 72666444?
False
Is 122 a factor of 574056994?
False
Is 23836029 a multiple of 7?
True
Does 323 divide 32340375?
True
Does 47 divide 411613639?
True
Is 102 a factor of 230999191?
False
Is 3510284 even?
True
Does 595 divide 3548327726?
False
Is 4 a factor of 80490383?
False
Is 1818139224 a multiple of 638?
True
Is 100058460 a multiple of 15?
True
Is 34486518 a multiple of 16?
False
Does 664 divide 241226508?
False
Is 267365168 a multiple of 9?
False
Is 1021 a factor of 146519626?
True
Does 14 divide 421421467?
False
Is 97589124 a multiple of 3356?
True
Is 38 a factor of 16592832?
False
Is 9 a factor of 126260020?
False
Is 350357820 a multiple of 589?
False
Is 645 a factor of 980333628?
False
Is 1468 a factor of 174746316?
True
Is 241 a factor of 22002095?
True
Does 125 divide 20143852?
False
Does 651 divide 18581500?
False
Is 1000871958 a multiple of 844?
False
Is 885617767 a multiple of 12?
False
Is 16 a factor of 17770432?
True
Does 295 divide 21288233?
False
Is 1487149827 a multiple of 47?
False
Is 19 a factor of 7350866?
False
Does 473 divide 54831834?
False
Is 10 a factor of 24769395?
False
Is 25118304 a multiple of 48?
True
Is 147 a factor of 70779324?
True
Is 2179572 a multiple of 24?
False
Is 4211556 a multiple of 3?
True
Is 2670398 a multiple of 79?
False
Does 1301 divide 4959393786?
True
Is 2159588155 a multiple of 1164?
False
Does 295 divide 142674390?
True
Is 928613901 a multiple of 37?
True
Is 1297 a factor of 203598051?
False
Is 16 a factor of 1225184730?
False
Is 779 a factor of 68442940?
True
Is 6104 a factor of 764179739?
False
Does 20 divide 2864220?
True
Is 893 a factor of 51231410?
True
Does 12 divide 958560?
True
Does 242 divide 268361786?
True
Is 6576864 a multiple of 24?
True
Is 159668020 a multiple of 20?
True
Is 190860000 a multiple of 41?
False
Does 208 divide 388039392?
True
Does 198 divide 156747888?
True
Is 18427112 a multiple of 83?
False
Is 44395964 a multiple of 229?
False
Is 21005526 a multiple of 114?
True
Is 189692571 a multiple of 57?
False
Does 11 divide 89935439?
True
Does 1868 divide 106457320?
True
Is 38909880 a multiple of 40?
True
Is 2558072498 a multiple of 1163?
False
Does 106 divide 2150405570?
True
Does 4446 divide 312209981?
False
Is 252798292 a multiple of 357?
False
Is 197387106 a multiple of 21?
True
Is 659 a factor of 25268884?
False
Is 723 a factor of 48026609?
False
Does 828 divide 17106480?
True
Does 54 divide 3522749076?
True
Is 243 a factor of 9222336?
True
Is 42 a factor of 24174463?
False
Is 6145 a factor of 964740420?
True
Is 83 a factor of 15148934?
False
Is 13 a factor of 574167284?
False
Does 3759 divide 318657948?
True
Does 57 divide 149607273?
True
Does 8 divide 2005228?
False
Is 257520 a multiple of 8?
True
Is 97207740 a multiple of 895?
True
Does 219 divide 1159310226?
True
Does 316 divide 10340468?
True
Does 47 divide 1299787204?
False
Is 55 a factor of 4577688?
False
Does 127 divide 74847450?
True
Does 89 divide 1508345926?
False
Is 599384868 a multiple of 57?
True
Is 526 a factor of 601067438?
False
Does 4128 divide 40912608?
True
Does 56 divide 3765597808?
True
Does 3 divide 376654368?
True
Is 994 a factor of 656481847?
False
Does 17 divide 28852082?
False
Is 244 a factor of 3363079572?
True
Does 26 divide 104189384?
True
Is 199938307 a multiple of 2598?
False
Is 393846 even?
True
Is 23867116 a multiple of 52?
True
Is 147346271 a multiple of 132?
F